*u**2 - 2*u + 2. What is the remainder when 34 is divided by b(l)?
4
Let o be -6 - (0 - 8/2). Let f = 13 + o. Suppose 7*k + 260 = f*k. What is the remainder when k is divided by 17?
14
Suppose 46*b = 1027 + 5183. Calculate the remainder when b is divided by 54.
27
Suppose 5*k + 2*x - 2041 - 377 = 0, 0 = -x + 4. What is the remainder when k is divided by 23?
22
Let w = 15 + -13. Let l(r) = -r**3 - 8*r**2 - 8*r - 3. Calculate the remainder when l(-7) is divided by w.
0
Let i be -2 + 3 - (4 + -8). Suppose 4*g + 3*d = 105, -2*d - 96 - 18 = -i*g. Let r = g - 14. What is the remainder when 38 is divided by r?
8
Let u = 66 - 63. What is the remainder when u is divided by 1?
0
Suppose -3*x + 5*t + 2975 = t, 4*x - 3935 = -t. What is the remainder when x is divided by 47?
45
Let p(m) = -7*m**3 + m**2. Let t be p(-1). Suppose -2*k + t*k = 12. What is the remainder when k*38 - (3 - -1) is divided by 25?
22
Suppose -3*b + b = -120. Let p(w) = 2 + w**3 - 287*w**2 - 13*w + 273*w**2 - 11. Calculate the remainder when b is divided by p(15).
18
Let s(t) = -2*t - 35. Let d(z) = z + 17. Let h(a) = -11*d(a) - 6*s(a). What is the remainder when 39 is divided by h(-9)?
11
Let p = 2080 - 1930. Calculate the remainder when p is divided by 3/1 + 35 + 0.
36
Let x = 140 + -109. Suppose 0 = 6*i + 2*i - 64. Calculate the remainder when x is divided by i.
7
Let s(r) be the third derivative of r**4/3 - 3*r**2. What is the remainder when s(1) is divided by 5?
3
Suppose 0 = -16*m - 2*m + 378. What is the remainder when 291 is divided by m?
18
Let x(q) = -q**2 + 5*q - 1. Suppose 2*g = -0*g + 6. What is the remainder when 3 - ((-63)/(-28))/(9/(-24)) is divided by x(g)?
4
Let b(c) = -c**3 + 5*c**2 + 6*c - 2. Let f = 257 - 118. What is the remainder when f is divided by b(5)?
27
Let n = 1089 + -1066. Calculate the remainder when 70 is divided by n.
1
Suppose 4*w - 2*b = 5 + 27, 3*b = -5*w + 18. What is the remainder when 11 is divided by w?
5
Let x(z) = -z**3 - 9*z**2 + 9*z + 4. Suppose -3*c = y + y - 45, 0 = 2*c + 6. Calculate the remainder when y is divided by x(-10).
13
Let r = -40 + 43. Suppose 6*s - 12 = r*s. Calculate the remainder when 13 is divided by s.
1
Let y(g) = -g**2 + 9*g - 3. Let x be (-2)/6*(-72)/3. Let q be y(x). Suppose j - 62 + 1 = q*o, -3*o = -j + 61. Calculate the remainder when j is divided by 16.
13
Suppose -2*h = -x - 25, 5*h - x - 43 - 18 = 0. Suppose s + t = 1, -4*s + t = 3*t - h. What is the remainder when 10 is divided by s?
0
Let n(d) = d**3 - d**2 - 3*d + 36. What is the remainder when 70 is divided by n(0)?
34
Let l(v) = -v + 5. Let s be l(0). Suppose -s*a + 3*a = 32. Calculate the remainder when (93/4)/((-6)/a) is divided by 16.
14
What is the remainder when 44 is divided by 42/((-114)/19)*(-72)/14?
8
Let n = -29 + 70. Calculate the remainder when n is divided by 12.
5
Let u(k) = 40*k**2 - 32*k + 97. Calculate the remainder when u(3) is divided by 41.
33
Let k(g) = 8 + 7*g + 2*g**2 + g**2 - 4*g**2. Suppose -q + 8 = p - 0, 0 = -2*p + q + 13. What is the remainder when k(p) is divided by 3?
2
Suppose -6*u + u = -o + 97, 0 = 3*o + u - 211. Suppose -2*z - o = -5*z. Calculate the remainder when z is divided by 5.
4
Suppose -59*m + 31*m = -1344. What is the remainder when 229 is divided by m?
37
Let s be -4 - (8 + -4 - -12). What is the remainder when (-5)/(s/36)*(1 - -2) is divided by 10?
7
Let y = -1174 + 1189. Calculate the remainder when 974 is divided by y.
14
Let u be (-2)/(-2) - (-2 - -2 - -1). Suppose -48 = -u*k - 6*k. What is the remainder when 15 is divided by k?
7
Let v(o) = -o**2 + 10*o + 28. Calculate the remainder when 136 is divided by v(9).
25
Suppose 464 - 14 = 5*c. What is the remainder when c is divided by 28?
6
Let b = -279 - -303. Let l = 99 - -18. Calculate the remainder when l is divided by b.
21
Calculate the remainder when ((-270)/(-40))/((-5)/(-140)) is divided by 16.
13
Let k(u) = 4*u**2. Let x = -46 - -42. Let h(r) = -15*r - 13. Calculate the remainder when h(x) is divided by k(2).
15
Suppose 2*n = 2*b + 376, 0*b + b + 2 = 0. Suppose n = 3*t - t. Suppose 4*z = t - 9. Calculate the remainder when z is divided by 11.
10
Let j(z) = 15*z**3 + 2*z**2 - 2*z + 1. Let i be ((-297)/(-6))/(3/6). Let o = i + -37. What is the remainder when o is divided by j(1)?
14
Calculate the remainder when (-18 - -2)*(-4)/8*4 is divided by 11.
10
What is the remainder when (-1)/(1/(-38) + 0) is divided by 24?
14
Suppose 0 = 3*z - 0*z - 69. Suppose -260 = 81*l - 85*l. Calculate the remainder when l is divided by z.
19
Suppose 2*s = -5823 + 5929. Calculate the remainder when 235 is divided by s.
23
Suppose -198 = -2*d + 4*i - 0*i, 5*d - 507 = 4*i. Let w = 140 - d. What is the remainder when 108 is divided by w?
34
Let j = 634 - 605. Let d(x) = x**3 + 6*x**2 - 9*x - 6. Calculate the remainder when j is divided by d(-7).
5
Suppose 0 = -29*n + 1162 + 2869. What is the remainder when n is divided by 71?
68
Let h = 67 + -40. Let n = h - -5. Calculate the remainder when n is divided by 11.
10
Let u(d) = 4*d**2 - 68*d + 61. What is the remainder when 1062 is divided by u(18)?
131
Let u(z) be the second derivative of -2*z**3/3 + z**2/2 - 4*z. Let o(n) = -4*n. Let w(l) = -6*o(l) + 5*u(l). Calculate the remainder when w(6) is divided by 10.
9
Let a(p) be the third derivative of -p**4/24 + 8*p**3/3 - 23*p**2. What is the remainder when a(-5) is divided by 11?
10
Let n(a) = -34*a**3 + 6*a + 3. Calculate the remainder when n(-2) is divided by 19.
16
Let b be (26/(-4))/(4/(-56)). Let w = b + -62. Suppose -4*m - 9 = -w. Calculate the remainder when 14 is divided by m.
4
Suppose 24*x - 5*x - 950 = 0. What is the remainder when x is divided by 9?
5
Let n be ((-2)/(-6))/((-2)/(-12)). Suppose 4*d + t - 40 = 0, 5*t = n*d - 4*d + 2. Let o = -377 + 381. Calculate the remainder when d is divided by o.
3
Let k be ((-20)/8)/((-5)/50). Suppose 5*h - f = k, -5*f = h + 18 + 3. Calculate the remainder when 5 is divided by h.
1
Suppose 34*a - 25 = 29*a, 2*c = -2*a + 118. What is the remainder when c is divided by 11?
10
Suppose -4*d + t - 7 = -9*d, 5*d + 3*t - 1 = 0. Let w = d + 2. Suppose -w*i - 2 = -46. What is the remainder when i is divided by 6?
5
Suppose -20 = -a - 2*r, 3*a - 6*r + 7*r = 80. What is the remainder when a is divided by 17?
11
Let s = -183 - -324. Calculate the remainder when 59 is divided by (-6)/9 + s/9.
14
Let j(r) = -13*r. Let f(y) = 28*y**2 + 2*y + 1. Let u be f(-1). Suppose 21 = 2*c + u. What is the remainder when j(c) is divided by 10?
9
Suppose 70*b = 62*b + 224. What is the remainder when b is divided by 4?
0
Suppose -116*u + 50120 = -76*u. Calculate the remainder when u is divided by 57.
56
Suppose 5*s = -3*x + 82, 0*x - 3*s = -x + 32. Let b = -20 + x. Calculate the remainder when 23 is divided by b.
5
Suppose -3*h = 3*u - 207, 2*h - 146 + 8 = 3*u. Let r(i) = 12*i**2 - 14*i - 12. Calculate the remainder when h is divided by r(-1).
13
Suppose 5*j - 16 = c, 3*c + 0*c = -j. What is the remainder when 9 is divided by j?
0
Suppose 2*p + 14 = 52. Let l(m) = 7*m**2 - 474*m + 369. Calculate the remainder when l(67) is divided by p.
15
Suppose 0 = -29*l + 11*l + 540. Calculate the remainder when 268 is divided by l.
28
Let n(a) = -5*a**3 - 5*a**2 - 1 - 7*a + 5*a**3 + a**3 + 2*a**2. Let y be (-20)/(-16)*-2*-2. Calculate the remainder when n(y) is divided by 4.
2
Suppose 3*g + 9*g = 216. Calculate the remainder when 122 is divided by g.
14
What is the remainder when 166 is divided by ((-16)/24)/((-12)/378)?
19
Let t(q) = -8*q + 16. Let s(b) = -7*b + 17. Let k(o) = 6*s(o) - 5*t(o). What is the remainder when (-1)/3 - 31/(-3) is divided by k(8)?
4
Suppose -r + 24 = m, 3*r = -r + 12. Let s be -12*(-1)/2 + -3. Calculate the remainder when m is divided by 11/(2/6*s).
10
What is the remainder when (-15852)/(-144) + 1/(-12) is divided by 19?
15
Let a = -2 - -5. Calculate the remainder when (-2 - (-32)/12)*a + 78 is divided by 42.
38
Let d be (-3)/(-1) + 0 + (6 - 5). What is the remainder when 71 is divided by (d/12)/(1/18)?
5
Let u = -212 + 217. Calculate the remainder when 26 is divided by u.
1
Let x = -216 - -305. What is the remainder when x is divided by 13?
11
Let s be -2 + (-4)/(-2) - 0. Suppose s = 3*l - 4*x - 34, -x - 33 + 2 = -2*l. Let o = 1951 - 1901. Calc